 4031 composite?
True
Is 55487 a composite number?
False
Is 240703 prime?
False
Is 45001 a composite number?
True
Is 1093607 a prime number?
False
Is 340103 composite?
False
Is 1109753 a composite number?
True
Is 307 a prime number?
True
Is 139133 a prime number?
True
Is 15926 composite?
True
Is 121169 a composite number?
False
Is 43879 a prime number?
False
Is 457 a prime number?
True
Is 8887 prime?
True
Is 14699 composite?
False
Is 84662 a composite number?
True
Is 133153 composite?
False
Is 303119 a prime number?
True
Is 4049 a composite number?
False
Is 15947 a composite number?
True
Is 160709 a composite number?
False
Is 306143 composite?
True
Is 7901 a composite number?
False
Is 2391 a prime number?
False
Is 7785265 prime?
False
Is 217135 prime?
False
Is 154999 a composite number?
True
Is 279935 prime?
False
Is 14143 composite?
False
Is 1319 composite?
False
Is 138793 composite?
False
Is 10543 a composite number?
True
Is 506833 a prime number?
False
Is 1399 a prime number?
True
Is 3305 composite?
True
Is 3163 a prime number?
True
Is 133769 prime?
True
Is 98659 a prime number?
False
Is 557381 composite?
True
Is 149789 a composite number?
True
Is 2833 a composite number?
False
Is 16567 composite?
False
Is 3907 a prime number?
True
Is 45383 composite?
True
Is 2655413 prime?
False
Is 191517 composite?
True
Is 6359 prime?
True
Is 3659 a composite number?
False
Is 15185 composite?
True
Is 64667 a composite number?
False
Is 566413 a composite number?
False
Is 1361 prime?
True
Is 91523 composite?
True
Is 49271 prime?
False
Is 184577 a composite number?
False
Is 449467 a composite number?
True
Is 149407 composite?
True
Is 348149 a composite number?
False
Is 111427 a composite number?
False
Is 2321 composite?
True
Is 487151 a composite number?
True
Is 902563 composite?
False
Is 6134 composite?
True
Is 436234 composite?
True
Is 6007 prime?
True
Is 1361 prime?
True
Is 30539 composite?
False
Is 1217 a prime number?
True
Is 56417 prime?
True
Is 13283 a prime number?
False
Is 9655 a composite number?
True
Is 528053 a composite number?
False
Is 74317 a prime number?
True
Is 144767 a composite number?
True
Is 144659 a composite number?
False
Is 126887 prime?
False
Is 38113 a composite number?
False
Is 121843 a prime number?
True
Is 1051919 composite?
True
Is 220921 a prime number?
False
Is 220683 a prime number?
False
Is 38833 prime?
True
Is 325979 a composite number?
True
Is 554569 prime?
True
Is 4859 a composite number?
True
Is 41729 a prime number?
True
Is 737 composite?
True
Is 751 prime?
True
Is 4553 a composite number?
True
Is 21089 a prime number?
True
Is 595331 a composite number?
True
Is 6937 a prime number?
False
Is 289063 a prime number?
True
Is 73007 prime?
False
Is 27409 composite?
False
Is 48299 composite?
False
Is 41763 prime?
False
Is 188351 composite?
False
Is 69163 a composite number?
False
Is 347 a composite number?
False
Is 2652501 a prime number?
False
Is 9103 composite?
False
Is 3888411 composite?
True
Is 10661 prime?
False
Is 721419 prime?
False
Is 15493 a prime number?
True
Is 255109 composite?
True
Is 3722 a composite number?
True
Is 1629733 a composite number?
True
Is 46297 a composite number?
True
Is 409391 composite?
False
Is 390647 prime?
True
Is 667 a prime number?
False
Is 18647 composite?
True
Is 7433 composite?
False
Is 702653 composite?
True
Is 31303 a composite number?
True
Is 73277 a prime number?
True
Is 144719 prime?
True
Is 2777 a prime number?
True
Is 1537 a prime number?
False
Is 2026 a composite number?
True
Is 7000705 a composite number?
True
Is 464843 a prime number?
True
Is 2521 prime?
True
Is 668687 composite?
False
Is 1417991 composite?
False
Is 7039 composite?
False
Is 81611 prime?
True
Is 832747 composite?
False
Is 31 prime?
True
Is 18698 a composite number?
True
Is 11383 prime?
True
Is 449821 a prime number?
True
Is 303139 a composite number?
False
Is 41793 a composite number?
True
Is 35353 a prime number?
True
Is 787 prime?
True
Is 35417 composite?
True
Is 662551 prime?
True
Is 6311 prime?
True
Is 5147 a composite number?
False
Is 8661 prime?
False
Is 16817 a prime number?
False
Is 11369 prime?
True
Is 28687 a composite number?
False
Is 83 composite?
False
Is 51383 prime?
True
Is 975115 a prime number?
False
Is 46279 a composite number?
False
Is 848251 a composite number?
False
Is 7057 a prime number?
True
Is 35437 prime?
True
Is 1049 prime?
True
Is 1573367 composite?
True
Is 19099 prime?
False
Is 49297 a prime number?
True
Is 113545 a prime number?
False
Is 35 a composite number?
True
Is 70661 prime?
False
Is 67927 composite?
False
Is 7795 a prime number?
False
Is 992689 composite?
False
Is 867773 prime?
True
Is 632381 a composite number?
False
Is 21251 prime?
False
Is 3205 a composite number?
True
Is 19883 a composite number?
True
Is 29917 a prime number?
True
Is 33 composite?
True
Is 28859 composite?
False
Is 6803 prime?
True
Is 7305845 a composite number?
True
Is 97979 composite?
True
Is 1114453 a prime number?
False
Is 3569221 composite?
False
Is 133559 a prime number?
True
Is 126213 prime?
False
Is 4711 a composite number?
True
Is 4907 a composite number?
True
Is 188629 composite?
True
Is 105097 prime?
True
Is 1541795 a composite number?
True
Is 5981 prime?
True
Is 655769 prime?
False
Is 120385 composite?
True
Is 37949 composite?
True
Is 30757 a composite number?
False
Is 1733 a prime number?
True
Is 16174 a composite number?
True
Is 34511 prime?
True
Is 469559 composite?
True
Is 8780573 a prime number?
True
Is 139843 prime?
False
Is 565711 a prime number?
False
Is 10099 a prime number?
True
Is 83 prime?
True
Is 16447 a prime number?
True
Is 909691 a composite number?
False
Is 12767 a prime number?
False
Is 7817 prime?
True
Is 10151 composite?
False
Is 466 a prime number?
False
Is 67339 prime?
True
Is 84971 a prime number?
False
Is 3061 prime?
True
Is 5919 prime?
False
Is 39965 a prime number?
False
Is 26066 a composite number?
True
Is 94879 a composite number?
True
Is 25523 prime?
True
Is 2617 a composite number?
False
Is 30731 a prime number?
False
Is 522583 a prime number?
False
Is 75001 a prime number?
False
Is 59107 a composite number?
False
Is 213677 a prime number?
False
Is 522589 prime?
False
Is 55763 a prime number?
True
Is 603119 a prime number?
False
Is 4679591 prime?
False
Is 664133 a composite number?
False
Is 52121 composite?
False
Is 11181 a composite number?
True
Is 38543 composite?
False
Is 1304879 composite?
True
Is 964277 a prime number?
False
Is 90223 composite?
True
Is 26191 prime?
False
Is 203713 a prime number?
True
Is 8779 a composite number?
False
Is 22013 a prime number?
True
Is 2557063 composite?
False
Is 60509 a prime number?
True
Is 13861 a composite number?
True
Is 451 composite?
True
Is 624961 a composite number?
False
Is 4699 composite?
True
Is 3137 composite?
False
Is 9101 a composite number?
True
Is 96403 a composite number?
True
Is 153093 composite?
True
Is 1639 a composite number?
True
Is 13043 a prime number?
True
Is 11443 a composite number?
False
Is 3155 a prime number?
False
Is 1361 a composite number?
False
Is 49319 composite?
True
Is 75058 a prime number?
False
Is 264878 composite?
True
Is 1361 a prime number?
True
Is 93343 prime?
False
Is 44617 a composite number?
False
Is 5469 a prime number?
False
Is 925331 a prime number?
False
Is 6607 a prime number?
True
Is 4981 composite?
True
Is 3551 a prime number?
False
Is 156941 composite?
False
Is 25339 a prime number?
True
Is 58103 a prime number?
False
Is 16769 composite?
True
Is 10007 composite?
False
Is 253 a composite number?
True
Is 187823 prime?
True
Is 12158 composite?
True
Is 5311 composite?
True
Is 195193 a prime number?
True
Is 918469 a prime number?
True
Is 85889 composite?
False
Is 1653279 prime?
False
Is 199453 a prime number?
True
Is 19 a prime number?
True
Is 133391 composite?
False
Is 49319 composite?
True
Is 1401019 a composite number?
True
Is 103613 a prime number?
True
Is 200971 a composite number?
False
Is 186427 a prime number?
False
Is 10145 a composite number?
True
Is 1220099 a prime number?
True
Is 233911 composite?
False
Is 82363 a composite number?
True
Is 161549 a prime number?
False
Is 42995 a composite number?
True
Is 126053 prime?
False
Is 51361 a composite number?
False
Is 29